{"id":4938,"date":"2025-04-13T10:46:46","date_gmt":"2025-04-13T09:46:46","guid":{"rendered":"https:\/\/timerspeed.com\/?post_type=tribe_events&#038;p=4938"},"modified":"2025-04-13T10:46:46","modified_gmt":"2025-04-13T09:46:46","slug":"9a-maratona-btt-paredes-de-coura","status":"publish","type":"tribe_events","link":"https:\/\/timerspeed.com\/?tribe_events=9a-maratona-btt-paredes-de-coura","title":{"rendered":"9\u00aa MARATONA BTT PAREDES DE COURA"},"content":{"rendered":"<p>Munic\u00edpio de Paredes de Coura em coorganiza\u00e7\u00e3o com a Associa\u00e7\u00e3o de Ciclismo do Minho,<br \/>\npromovem a 13 de abril de 2025 a TA\u00c7A DE PORTUGAL BTT XCM 2025 \/ 9\u00aa MARATONA BTT PAREDES DE<br \/>\nCOURA \/ CAMPEONATO DO MINHO BTT XCM RAIZ CARISMA 2025.<br \/>\nA prova disputa-se em conformidade com os Regulamento Ta\u00e7a de Portugal XCM e do Campeonato<br \/>\ndo Minho de BTT XCM, sendo o col\u00e9gio de comiss\u00e1rios a entidade respons\u00e1vel pela aplica\u00e7\u00e3o do mesmo.<br \/>\nEste evento \u00e9 uma das apostas do Munic\u00edpio de Paredes de Coura na promo\u00e7\u00e3o do Centro Cyclin\u2019<br \/>\nParedes de Coura, homologado pela Federa\u00e7\u00e3o Portuguesa de Ciclismo, que contempla infraestruturas<br \/>\nde acolhimento cont\u00edguas ao Centro de Educa\u00e7\u00e3o e Interpreta\u00e7\u00e3o Ambiental do Corno de Bico (CEIA-CB),<br \/>\nPista Internacional de XCO em Vasc\u00f5es e cerca de 1300 km de percursos repartidos pelas disciplinas de<br \/>\nCross Country, Gravel e Estrada.<\/p>\n<p>&nbsp;<\/p>\n<p style=\"text-align: center;\"><style>\r\n\t\t\t\t\t.button-button_button_18.btn-default:hover{color:#ff0000;background:#0f0f0f;}\r\n\t\t\t\t\t.button-button_button_18.btn-default{background-color:#ff0000;}\r\n\t\t\t\t\t.button-button_button_18.btn-default:hover:after{background:#0f0f0f;}\r\n\t\t\t\t\t.button-button_button_18.btn-default .btn-icon{color:#ff0000;}\r\n\t\t\t\t<\/style>    \t<a class=\"btn skew-btn button-button_button_18 btn-default btn-lg \" href=\"https:\/\/timerspeed.com\/live\/g-live.html?f=events\/2025\/XCM_PC_2025.clax\"  target=\"_blank\">\r\n        <span class=\"btn-text\">Live Results<\/span>        <\/a>\r\n        <\/p>\n","protected":false},"excerpt":{"rendered":"<p>Munic\u00edpio de Paredes de Coura em coorganiza\u00e7\u00e3o com a Associa\u00e7\u00e3o de Ciclismo do Minho, promovem a 13 de abril de 2025 a [&hellip;]<\/p>\n","protected":false},"author":1,"featured_media":0,"template":"","meta":{"_tribe_events_status":"","_tribe_events_status_reason":"","footnotes":""},"tags":[],"tribe_events_cat":[105],"class_list":["post-4938","tribe_events","type-tribe_events","status-publish","hentry","tribe_events_cat-ciclismo","cat_ciclismo"],"_links":{"self":[{"href":"https:\/\/timerspeed.com\/index.php?rest_route=\/wp\/v2\/tribe_events\/4938","targetHints":{"allow":["GET"]}}],"collection":[{"href":"https:\/\/timerspeed.com\/index.php?rest_route=\/wp\/v2\/tribe_events"}],"about":[{"href":"https:\/\/timerspeed.com\/index.php?rest_route=\/wp\/v2\/types\/tribe_events"}],"author":[{"embeddable":true,"href":"https:\/\/timerspeed.com\/index.php?rest_route=\/wp\/v2\/users\/1"}],"version-history":[{"count":4,"href":"https:\/\/timerspeed.com\/index.php?rest_route=\/wp\/v2\/tribe_events\/4938\/revisions"}],"predecessor-version":[{"id":4942,"href":"https:\/\/timerspeed.com\/index.php?rest_route=\/wp\/v2\/tribe_events\/4938\/revisions\/4942"}],"wp:attachment":[{"href":"https:\/\/timerspeed.com\/index.php?rest_route=%2Fwp%2Fv2%2Fmedia&parent=4938"}],"wp:term":[{"taxonomy":"post_tag","embeddable":true,"href":"https:\/\/timerspeed.com\/index.php?rest_route=%2Fwp%2Fv2%2Ftags&post=4938"},{"taxonomy":"tribe_events_cat","embeddable":true,"href":"https:\/\/timerspeed.com\/index.php?rest_route=%2Fwp%2Fv2%2Ftribe_events_cat&post=4938"}],"curies":[{"name":"wp","href":"https:\/\/api.w.org\/{rel}","templated":true}]}}

9ª MARATONA BTT PAREDES DE COURA

<p>Município de Paredes de Coura em coorganização com a Associação de Ciclismo do Minho,<br />
promovem a 13 de abril de 2025 a TAÇA DE PORTUGAL BTT XCM 2025 / 9ª MARATONA BTT PAREDES DE<br />
COURA / CAMPEONATO DO MINHO BTT XCM RAIZ CARISMA 2025.<br />
A prova disputa-se em conformidade com os Regulamento Taça de Portugal XCM e do Campeonato<br />
do Minho de BTT XCM, sendo o colégio de comissários a entidade responsável pela aplicação do mesmo.<br />
Este evento é uma das apostas do Município de Paredes de Coura na promoção do Centro Cyclin’<br />
Paredes de Coura, homologado pela Federação Portuguesa de Ciclismo, que contempla infraestruturas<br />
de acolhimento contíguas ao Centro de Educação e Interpretação Ambiental do Corno de Bico (CEIA-CB),<br />
Pista Internacional de XCO em Vascões e cerca de 1300 km de percursos repartidos pelas disciplinas de<br />
Cross Country, Gravel e Estrada.</p>
<p>&nbsp;</p>
<p style="text-align: center;"><style>
					.button-button_button_18.btn-default:hover{color:#ff0000;background:#0f0f0f;}
					.button-button_button_18.btn-default{background-color:#ff0000;}
					.button-button_button_18.btn-default:hover:after{background:#0f0f0f;}
					.button-button_button_18.btn-default .btn-icon{color:#ff0000;}
				</style>    	<a class="btn skew-btn button-button_button_18 btn-default btn-lg " href="https://timerspeed.com/live/g-live.html?f=events/2025/XCM_PC_2025.clax"  target="_blank">
        <span class="btn-text">Live Results</span>        </a>
        </p>

<p>Município de Paredes de Coura em coorganização com a Associação de Ciclismo do Minho, promovem a 13 de abril de 2025 a [&hellip;]</p>
