{"id":5348,"date":"2026-04-30T11:44:14","date_gmt":"2026-04-30T10:44:14","guid":{"rendered":"https:\/\/timerspeed.com\/?post_type=tribe_events&#038;p=5348"},"modified":"2026-04-30T11:44:14","modified_gmt":"2026-04-30T10:44:14","slug":"vii-volta-ao-nordeste-daitsu","status":"publish","type":"tribe_events","link":"https:\/\/timerspeed.com\/?tribe_events=vii-volta-ao-nordeste-daitsu","title":{"rendered":"VII Volta ao Nordeste Daitsu"},"content":{"rendered":"<p style=\"text-align: center;\"><style>\r\n\t\t\t\t\t.button-button_button_70.btn-default:hover{color:#ff0000;background:#0f0f0f;}\r\n\t\t\t\t\t.button-button_button_70.btn-default{background-color:#ff0000;}\r\n\t\t\t\t\t.button-button_button_70.btn-default:hover:after{background:#0f0f0f;}\r\n\t\t\t\t\t.button-button_button_70.btn-default .btn-icon{color:#ff0000;}\r\n\t\t\t\t<\/style>    \t<a class=\"btn skew-btn button-button_button_70 btn-default btn-lg \" href=\"https:\/\/timerspeed.com\/live\/g-live.html?f=events\/2026\/volta_nordeste_26.clax\"  target=\"_blank\">\r\n        <span class=\"btn-text\">Live Results<\/span>        <\/a>\r\n        <\/p>\n<hr \/>\n<h4 style=\"text-align: center;\">VII Volta ao Nordeste Daitsu<\/h4>\n<p style=\"text-align: center;\">A prova \u201cVII Volta ao Nordeste Daitsu\u201d \u00e9 organizada pela Associa\u00e7\u00e3o de Ciclismo e<br \/>\nCicloturismo de Bragan\u00e7a (ACB), com sede na Rua de S\u00e3o Francisco, 68, 5300-050,<br \/>\nBragan\u00e7a, em conjunto com os munic\u00edpios que acolhem as partidas e chegadas do<br \/>\nevento. A competi\u00e7\u00e3o decorrer\u00e1 entre 30 de abril e 3 de maio de 2026, com 1 pr\u00f3logo<br \/>\ne 3 etapas em linha.<\/p>\n","protected":false},"excerpt":{"rendered":"<p>VII Volta ao Nordeste Daitsu A prova \u201cVII Volta ao Nordeste Daitsu\u201d \u00e9 organizada pela Associa\u00e7\u00e3o de Ciclismo e Cicloturismo de Bragan\u00e7a [&hellip;]<\/p>\n","protected":false},"author":1,"featured_media":5350,"template":"","meta":{"_tribe_events_status":"","_tribe_events_status_reason":"","footnotes":""},"tags":[],"tribe_events_cat":[67],"class_list":["post-5348","tribe_events","type-tribe_events","status-publish","has-post-thumbnail","hentry","tribe_events_cat-ciclismo-estrada","cat_ciclismo-estrada"],"_links":{"self":[{"href":"https:\/\/timerspeed.com\/index.php?rest_route=\/wp\/v2\/tribe_events\/5348","targetHints":{"allow":["GET"]}}],"collection":[{"href":"https:\/\/timerspeed.com\/index.php?rest_route=\/wp\/v2\/tribe_events"}],"about":[{"href":"https:\/\/timerspeed.com\/index.php?rest_route=\/wp\/v2\/types\/tribe_events"}],"author":[{"embeddable":true,"href":"https:\/\/timerspeed.com\/index.php?rest_route=\/wp\/v2\/users\/1"}],"version-history":[{"count":1,"href":"https:\/\/timerspeed.com\/index.php?rest_route=\/wp\/v2\/tribe_events\/5348\/revisions"}],"predecessor-version":[{"id":5349,"href":"https:\/\/timerspeed.com\/index.php?rest_route=\/wp\/v2\/tribe_events\/5348\/revisions\/5349"}],"wp:featuredmedia":[{"embeddable":true,"href":"https:\/\/timerspeed.com\/index.php?rest_route=\/wp\/v2\/media\/5350"}],"wp:attachment":[{"href":"https:\/\/timerspeed.com\/index.php?rest_route=%2Fwp%2Fv2%2Fmedia&parent=5348"}],"wp:term":[{"taxonomy":"post_tag","embeddable":true,"href":"https:\/\/timerspeed.com\/index.php?rest_route=%2Fwp%2Fv2%2Ftags&post=5348"},{"taxonomy":"tribe_events_cat","embeddable":true,"href":"https:\/\/timerspeed.com\/index.php?rest_route=%2Fwp%2Fv2%2Ftribe_events_cat&post=5348"}],"curies":[{"name":"wp","href":"https:\/\/api.w.org\/{rel}","templated":true}]}}

<p style="text-align: center;"><style>
					.button-button_button_70.btn-default:hover{color:#ff0000;background:#0f0f0f;}
					.button-button_button_70.btn-default{background-color:#ff0000;}
					.button-button_button_70.btn-default:hover:after{background:#0f0f0f;}
					.button-button_button_70.btn-default .btn-icon{color:#ff0000;}
				</style>    	<a class="btn skew-btn button-button_button_70 btn-default btn-lg " href="https://timerspeed.com/live/g-live.html?f=events/2026/volta_nordeste_26.clax"  target="_blank">
        <span class="btn-text">Live Results</span>        </a>
        </p>
<hr />
<h4 style="text-align: center;">VII Volta ao Nordeste Daitsu</h4>
<p style="text-align: center;">A prova “VII Volta ao Nordeste Daitsu” é organizada pela Associação de Ciclismo e<br />
Cicloturismo de Bragança (ACB), com sede na Rua de São Francisco, 68, 5300-050,<br />
Bragança, em conjunto com os municípios que acolhem as partidas e chegadas do<br />
evento. A competição decorrerá entre 30 de abril e 3 de maio de 2026, com 1 prólogo<br />
e 3 etapas em linha.</p>

<p>VII Volta ao Nordeste Daitsu A prova “VII Volta ao Nordeste Daitsu” é organizada pela Associação de Ciclismo e Cicloturismo de Bragança [&hellip;]</p>
